HOME


5h-3LL 1.0
DIR: /usr/local/apache
/usr/local/apache/
Upload File:
Current File : /var/log/apache2/error_log
[Mon Dec 08 12:40:49.304563 2025] [lsapi:notice] [pid 2693962:tid 2693962] mod_lsapi:  version 1.1-81
[Mon Dec 08 12:40:49.305753 2025] [:notice] [pid 3832399:tid 3832399] [host v22437909.sin01.serveradd.com] mod_lsapi:  Selfstarter 3832399 started
[Mon Dec 08 12:40:49.376113 2025] [ssl:warn] [pid 2693962:tid 2693962] AH01909: flockcafe.com.sg:443:0 server certificate does NOT include an ID which matches the server name
[Mon Dec 08 12:40:49.399235 2025] [http2:info] [pid 2693962:tid 2693962] AH03090: mod_http2 (v2.0.32, feats=CHPRIO+SHA256+INVHD+DWINS, nghttp2 1.68.0), initializing...
[Mon Dec 08 12:40:49.399794 2025] [mpm_worker:notice] [pid 2693962:tid 2693962] AH00292: Apache/2.4.65 (cPanel) OpenSSL/3.5.1 mod_bwlimited/1.4 configured -- resuming normal operations
[Mon Dec 08 12:40:49.399805 2025] [core:notice] [pid 2693962:tid 2693962] AH00094: Command line: '/usr/sbin/httpd'
[Mon Dec 08 12:40:49.416897 2025] [http2:info] [pid 3832402:tid 3832402] h2_workers: created with min=25 max=37 idle_ms=600000
[Mon Dec 08 12:40:49.417808 2025] [http2:info] [pid 3832403:tid 3832403] h2_workers: created with min=25 max=37 idle_ms=600000
[Mon Dec 08 12:40:51.411492 2025] [http2:info] [pid 3832516:tid 3832516] h2_workers: created with min=25 max=37 idle_ms=600000
[Mon Dec 08 12:40:52.414825 2025] [http2:info] [pid 3832569:tid 3832569] h2_workers: created with min=25 max=37 idle_ms=600000
[Mon Dec 08 12:40:54.523594 2025] [proxy_fcgi:error] [pid 3832516:tid 3832543] [client 83.217.213.120:52980] AH01071: Got error 'Primary script unknown', referer: https://rakeshpark.com/
[Mon Dec 08 12:41:10.906684 2025] [proxy_fcgi:error] [pid 3832402:tid 3832462] [client 52.175.48.129:34519] AH01071: Got error 'Primary script unknown', referer: https://www.google.com/
[Mon Dec 08 12:41:10.940624 2025] [proxy_fcgi:error] [pid 3832402:tid 3832462] [client 52.175.48.129:34519] AH01071: Got error 'Primary script unknown', referer: https://www.google.co.uk/
[Mon Dec 08 12:41:11.421248 2025] [proxy_fcgi:error] [pid 3832403:tid 3832479] [client 52.175.48.129:7118] AH01071: Got error 'Primary script unknown', referer: https://www.google.fr/
[Mon Dec 08 12:41:11.500562 2025] [proxy_fcgi:error] [pid 3832403:tid 3832479] [client 52.175.48.129:7118] AH01071: Got error 'Primary script unknown', referer: https://www.google.fr/
[Mon Dec 08 12:41:11.534368 2025] [proxy_fcgi:error] [pid 3832403:tid 3832477] [client 52.175.48.129:7142] AH01071: Got error 'Primary script unknown', referer: https://www.yahoo.com/
[Mon Dec 08 12:41:11.610970 2025] [proxy_fcgi:error] [pid 3832403:tid 3832479] [client 52.175.48.129:7118] AH01071: Got error 'Primary script unknown', referer: https://www.google.fr/
[Mon Dec 08 12:41:11.663929 2025] [proxy_fcgi:error] [pid 3832402:tid 3832462] [client 52.175.48.129:34519] AH01071: Got error 'Primary script unknown', referer: https://www.google.co.uk/
[Mon Dec 08 12:41:11.703929 2025] [proxy_fcgi:error] [pid 3832402:tid 3832462] [client 52.175.48.129:34519] AH01071: Got error 'Primary script unknown', referer: https://duckduckgo.com/
[Mon Dec 08 12:41:12.383908 2025] [proxy_fcgi:error] [pid 3832403:tid 3832479] [client 52.175.48.129:7118] AH01071: Got error 'Primary script unknown', referer: https://duckduckgo.com/
[Mon Dec 08 12:41:12.543529 2025] [proxy_fcgi:error] [pid 3832403:tid 3832479] [client 52.175.48.129:7118] AH01071: Got error 'Primary script unknown', referer: https://www.google.co.uk/
[Mon Dec 08 12:41:12.835528 2025] [proxy_fcgi:error] [pid 3832402:tid 3832462] [client 52.175.48.129:34519] AH01071: Got error 'Primary script unknown', referer: https://www.google.co.uk/
[Mon Dec 08 12:41:12.911005 2025] [proxy_fcgi:error] [pid 3832403:tid 3832479] [client 52.175.48.129:7118] AH01071: Got error 'Primary script unknown', referer: https://www.yahoo.com/
[Mon Dec 08 12:41:13.004560 2025] [proxy_fcgi:error] [pid 3832402:tid 3832462] [client 52.175.48.129:34519] AH01071: Got error 'Primary script unknown', referer: https://www.google.co.uk/
[Mon Dec 08 12:41:13.023350 2025] [proxy_fcgi:error] [pid 3832403:tid 3832479] [client 52.175.48.129:7118] AH01071: Got error 'Primary script unknown', referer: https://duckduckgo.com/
[Mon Dec 08 12:41:13.090699 2025] [proxy_fcgi:error] [pid 3832403:tid 3832479] [client 52.175.48.129:7118] AH01071: Got error 'Primary script unknown', referer: https://www.google.fr/
[Mon Dec 08 12:41:13.268583 2025] [proxy_fcgi:error] [pid 3832403:tid 3832479] [client 52.175.48.129:7118] AH01071: Got error 'Primary script unknown', referer: https://www.yahoo.com/
[Mon Dec 08 12:41:13.304677 2025] [proxy_fcgi:error] [pid 3832402:tid 3832462] [client 52.175.48.129:34519] AH01071: Got error 'Primary script unknown', referer: https://duckduckgo.com/
[Mon Dec 08 12:41:13.335880 2025] [proxy_fcgi:error] [pid 3832403:tid 3832479] [client 52.175.48.129:7118] AH01071: Got error 'Primary script unknown', referer: https://www.yahoo.com/
[Mon Dec 08 12:41:13.338621 2025] [proxy_fcgi:error] [pid 3832402:tid 3832462] [client 52.175.48.129:34519] AH01071: Got error 'Primary script unknown', referer: https://duckduckgo.com/
[Mon Dec 08 12:41:13.564785 2025] [proxy_fcgi:error] [pid 3832403:tid 3832479] [client 52.175.48.129:7118] AH01071: Got error 'Primary script unknown', referer: https://www.bing.com/
[Mon Dec 08 12:41:13.667012 2025] [proxy_fcgi:error] [pid 3832402:tid 3832462] [client 52.175.48.129:34519] AH01071: Got error 'Primary script unknown', referer: https://www.bing.com/
[Mon Dec 08 12:41:13.905124 2025] [proxy_fcgi:error] [pid 3832402:tid 3832462] [client 52.175.48.129:34519] AH01071: Got error 'Primary script unknown', referer: https://www.bing.com/
[Mon Dec 08 12:41:13.939142 2025] [proxy_fcgi:error] [pid 3832402:tid 3832462] [client 52.175.48.129:34519] AH01071: Got error 'Primary script unknown', referer: https://www.google.fr/
[Mon Dec 08 12:41:14.052871 2025] [proxy_fcgi:error] [pid 3832402:tid 3832462] [client 52.175.48.129:34519] AH01071: Got error 'Primary script unknown', referer: https://www.google.com/
[Mon Dec 08 12:41:14.060385 2025] [proxy_fcgi:error] [pid 3832403:tid 3832479] [client 52.175.48.129:7118] AH01071: Got error 'Primary script unknown', referer: https://www.google.fr/
[Mon Dec 08 12:41:14.090079 2025] [proxy_fcgi:error] [pid 3832402:tid 3832462] [client 52.175.48.129:34519] AH01071: Got error 'Primary script unknown', referer: https://www.google.fr/
[Mon Dec 08 12:41:14.268967 2025] [proxy_fcgi:error] [pid 3832402:tid 3832462] [client 52.175.48.129:34519] AH01071: Got error 'Primary script unknown', referer: https://www.google.com/
[Mon Dec 08 12:41:14.292449 2025] [proxy_fcgi:error] [pid 3832403:tid 3832479] [client 52.175.48.129:7118] AH01071: Got error 'Primary script unknown', referer: https://duckduckgo.com/
[Mon Dec 08 12:41:14.304126 2025] [proxy_fcgi:error] [pid 3832402:tid 3832462] [client 52.175.48.129:34519] AH01071: Got error 'Primary script unknown', referer: https://www.bing.com/
[Mon Dec 08 12:41:14.337675 2025] [proxy_fcgi:error] [pid 3832402:tid 3832462] [client 52.175.48.129:34519] AH01071: Got error 'Primary script unknown', referer: https://duckduckgo.com/
[Mon Dec 08 12:41:14.371416 2025] [proxy_fcgi:error] [pid 3832402:tid 3832462] [client 52.175.48.129:34519] AH01071: Got error 'Primary script unknown', referer: https://www.google.fr/
[Mon Dec 08 12:41:14.428031 2025] [proxy_fcgi:error] [pid 3832402:tid 3832462] [client 52.175.48.129:34519] AH01071: Got error 'Primary script unknown', referer: https://duckduckgo.com/
[Mon Dec 08 12:41:14.464832 2025] [proxy_fcgi:error] [pid 3832402:tid 3832462] [client 52.175.48.129:34519] AH01071: Got error 'Primary script unknown', referer: https://www.google.de/
[Mon Dec 08 12:41:14.498555 2025] [proxy_fcgi:error] [pid 3832402:tid 3832462] [client 52.175.48.129:34519] AH01071: Got error 'Primary script unknown', referer: https://www.google.com/
[Mon Dec 08 12:41:14.586832 2025] [proxy_fcgi:error] [pid 3832402:tid 3832462] [client 52.175.48.129:34519] AH01071: Got error 'Primary script unknown', referer: https://www.yahoo.com/
[Mon Dec 08 12:41:14.620726 2025] [proxy_fcgi:error] [pid 3832402:tid 3832462] [client 52.175.48.129:34519] AH01071: Got error 'Primary script unknown', referer: https://duckduckgo.com/
[Mon Dec 08 12:41:14.654477 2025] [proxy_fcgi:error] [pid 3832402:tid 3832462] [client 52.175.48.129:34519] AH01071: Got error 'Primary script unknown', referer: https://www.google.fr/
[Mon Dec 08 12:41:14.688707 2025] [proxy_fcgi:error] [pid 3832402:tid 3832462] [client 52.175.48.129:34519] AH01071: Got error 'Primary script unknown', referer: https://www.google.com/
[Mon Dec 08 12:41:14.722574 2025] [proxy_fcgi:error] [pid 3832402:tid 3832462] [client 52.175.48.129:34519] AH01071: Got error 'Primary script unknown', referer: https://duckduckgo.com/
[Mon Dec 08 12:41:14.825725 2025] [proxy_fcgi:error] [pid 3832403:tid 3832479] [client 52.175.48.129:7118] AH01071: Got error 'Primary script unknown', referer: https://www.google.fr/
[Mon Dec 08 12:41:14.858680 2025] [proxy_fcgi:error] [pid 3832402:tid 3832462] [client 52.175.48.129:34519] AH01071: Got error 'Primary script unknown', referer: https://www.google.fr/
[Mon Dec 08 12:41:14.892640 2025] [proxy_fcgi:error] [pid 3832402:tid 3832462] [client 52.175.48.129:34519] AH01071: Got error 'Primary script unknown', referer: https://www.yahoo.com/
[Mon Dec 08 12:41:14.926577 2025] [cgid:error] [pid 3832402:tid 3832462] [client 52.175.48.129:34519] AH01265: stderr from /home/madhuhos/public_html/cgi-bin/: attempt to invoke directory as script, referer: https://www.google.co.uk/
[Mon Dec 08 12:41:14.960422 2025] [proxy_fcgi:error] [pid 3832402:tid 3832462] [client 52.175.48.129:34519] AH01071: Got error 'Primary script unknown', referer: https://www.bing.com/
[Mon Dec 08 12:41:15.051721 2025] [proxy_fcgi:error] [pid 3832402:tid 3832462] [client 52.175.48.129:34519] AH01071: Got error 'Primary script unknown', referer: https://duckduckgo.com/
[Mon Dec 08 12:41:15.165697 2025] [proxy_fcgi:error] [pid 3832402:tid 3832462] [client 52.175.48.129:34519] AH01071: Got error 'Primary script unknown', referer: https://www.google.de/
[Mon Dec 08 12:41:15.203002 2025] [proxy_fcgi:error] [pid 3832402:tid 3832462] [client 52.175.48.129:34519] AH01071: Got error 'Primary script unknown', referer: https://www.google.de/
[Mon Dec 08 12:41:15.205709 2025] [proxy_fcgi:error] [pid 3832403:tid 3832479] [client 52.175.48.129:7118] AH01071: Got error 'Primary script unknown', referer: https://www.google.fr/
[Mon Dec 08 12:41:15.273404 2025] [proxy_fcgi:error] [pid 3832403:tid 3832479] [client 52.175.48.129:7118] AH01071: Got error 'Primary script unknown', referer: https://www.google.fr/
[Mon Dec 08 12:41:15.341185 2025] [proxy_fcgi:error] [pid 3832403:tid 3832479] [client 52.175.48.129:7118] AH01071: Got error 'Primary script unknown', referer: https://www.bing.com/
[Mon Dec 08 12:41:15.357404 2025] [proxy_fcgi:error] [pid 3832402:tid 3832462] [client 52.175.48.129:34519] AH01071: Got error 'Primary script unknown', referer: https://www.bing.com/
[Mon Dec 08 12:41:15.469667 2025] [proxy_fcgi:error] [pid 3832402:tid 3832462] [client 52.175.48.129:34519] AH01071: Got error 'Primary script unknown', referer: https://www.google.com/
[Mon Dec 08 12:41:15.656742 2025] [proxy_fcgi:error] [pid 3832402:tid 3832462] [client 52.175.48.129:34519] AH01071: Got error 'Primary script unknown', referer: https://www.google.co.uk/
[Mon Dec 08 12:41:15.677399 2025] [proxy_fcgi:error] [pid 3832403:tid 3832479] [client 52.175.48.129:7118] AH01071: Got error 'Primary script unknown', referer: https://www.bing.com/
[Mon Dec 08 12:41:15.697889 2025] [proxy_fcgi:error] [pid 3832402:tid 3832462] [client 52.175.48.129:34519] AH01071: Got error 'Primary script unknown', referer: https://www.google.com/
[Mon Dec 08 12:41:15.758381 2025] [proxy_fcgi:error] [pid 3832403:tid 3832479] [client 52.175.48.129:7118] AH01071: Got error 'Primary script unknown', referer: https://duckduckgo.com/
[Mon Dec 08 12:41:15.827276 2025] [proxy_fcgi:error] [pid 3832402:tid 3832462] [client 52.175.48.129:34519] AH01071: Got error 'Primary script unknown', referer: https://www.yahoo.com/
[Mon Dec 08 12:41:15.828303 2025] [proxy_fcgi:error] [pid 3832403:tid 3832479] [client 52.175.48.129:7118] AH01071: Got error 'Primary script unknown', referer: https://www.google.co.uk/
[Mon Dec 08 12:41:15.931396 2025] [proxy_fcgi:error] [pid 3832402:tid 3832462] [client 52.175.48.129:34519] AH01071: Got error 'Primary script unknown', referer: https://www.google.co.uk/
[Mon Dec 08 12:41:15.967599 2025] [proxy_fcgi:error] [pid 3832403:tid 3832479] [client 52.175.48.129:7118] AH01071: Got error 'Primary script unknown', referer: https://duckduckgo.com/
[Mon Dec 08 12:41:16.089631 2025] [proxy_fcgi:error] [pid 3832403:tid 3832479] [client 52.175.48.129:7118] AH01071: Got error 'Primary script unknown', referer: https://www.google.co.uk/
[Mon Dec 08 12:41:16.326307 2025] [proxy_fcgi:error] [pid 3832402:tid 3832462] [client 52.175.48.129:34519] AH01071: Got error 'Primary script unknown', referer: https://duckduckgo.com/
[Mon Dec 08 12:41:16.618020 2025] [proxy_fcgi:error] [pid 3832403:tid 3832479] [client 52.175.48.129:7118] AH01071: Got error 'Primary script unknown', referer: https://www.google.fr/
[Mon Dec 08 12:41:16.635163 2025] [proxy_fcgi:error] [pid 3832402:tid 3832462] [client 52.175.48.129:34519] AH01071: Got error 'Primary script unknown', referer: https://www.google.fr/
[Mon Dec 08 12:41:17.140784 2025] [proxy_fcgi:error] [pid 3832403:tid 3832479] [client 52.175.48.129:7118] AH01071: Got error 'Primary script unknown', referer: https://www.google.com/
[Mon Dec 08 12:41:17.216086 2025] [proxy_fcgi:error] [pid 3832403:tid 3832479] [client 52.175.48.129:7118] AH01071: Got error 'Primary script unknown', referer: https://duckduckgo.com/
[Mon Dec 08 12:41:17.838554 2025] [proxy_fcgi:error] [pid 3832402:tid 3832462] [client 52.175.48.129:34519] AH01071: Got error 'Primary script unknown', referer: https://www.google.com/
[Mon Dec 08 12:41:18.429626 2025] [proxy_fcgi:error] [pid 3832403:tid 3832479] [client 52.175.48.129:7118] AH01071: Got error 'Primary script unknown', referer: https://www.google.de/
[Mon Dec 08 12:41:18.566289 2025] [proxy_fcgi:error] [pid 3832403:tid 3832479] [client 52.175.48.129:7118] AH01071: Got error 'Primary script unknown', referer: https://www.bing.com/
[Mon Dec 08 12:41:18.733864 2025] [cgid:error] [pid 3832403:tid 3832479] [client 52.175.48.129:7118] AH01265: stderr from /home/regiusco/public_html/cgi-bin/: attempt to invoke directory as script, referer: https://www.yahoo.com/
[Mon Dec 08 12:41:18.813465 2025] [proxy_fcgi:error] [pid 3832403:tid 3832479] [client 52.175.48.129:7118] AH01071: Got error 'Primary script unknown', referer: https://www.google.de/
[Mon Dec 08 12:41:18.915824 2025] [proxy_fcgi:error] [pid 3832403:tid 3832479] [client 52.175.48.129:7118] AH01071: Got error 'Primary script unknown', referer: https://www.yahoo.com/
[Mon Dec 08 12:41:19.038707 2025] [proxy_fcgi:error] [pid 3832403:tid 3832479] [client 52.175.48.129:7118] AH01071: Got error 'Primary script unknown', referer: https://duckduckgo.com/
[Mon Dec 08 12:41:19.075194 2025] [proxy_fcgi:error] [pid 3832516:tid 3832550] [client 52.175.48.129:34552] AH01071: Got error 'Primary script unknown', referer: https://www.yahoo.com/
[Mon Dec 08 12:41:19.140102 2025] [proxy_fcgi:error] [pid 3832516:tid 3832550] [client 52.175.48.129:34552] AH01071: Got error 'Primary script unknown', referer: https://www.google.de/
[Mon Dec 08 12:41:19.174260 2025] [proxy_fcgi:error] [pid 3832516:tid 3832550] [client 52.175.48.129:34552] AH01071: Got error 'Primary script unknown', referer: https://www.yahoo.com/
[Mon Dec 08 12:41:19.521887 2025] [access_compat:error] [pid 3832403:tid 3832479] [client 52.175.48.129:7118] AH01797: client denied by server configuration: /home/regiusco/public_html/images/fancybox/index.php, referer: https://www.bing.com/
[Mon Dec 08 12:41:19.524928 2025] [access_compat:error] [pid 3832403:tid 3832479] [client 52.175.48.129:7118] AH01797: client denied by server configuration: /home/regiusco/public_html/images/banner/index.php, referer: https://www.bing.com/
[Mon Dec 08 12:41:19.525513 2025] [access_compat:error] [pid 3832403:tid 3832479] [client 52.175.48.129:7118] AH01797: client denied by server configuration: /home/regiusco/public_html/images/ex-new/index.php, referer: https://www.bing.com/
[Mon Dec 08 12:41:19.526089 2025] [access_compat:error] [pid 3832403:tid 3832479] [client 52.175.48.129:7118] AH01797: client denied by server configuration: /home/regiusco/public_html/images/gallery/index.php, referer: https://www.bing.com/
[Mon Dec 08 12:41:19.526707 2025] [access_compat:error] [pid 3832403:tid 3832479] [client 52.175.48.129:7118] AH01797: client denied by server configuration: /home/regiusco/public_html/images/icons/index.php, referer: https://www.bing.com/
[Mon Dec 08 12:41:19.602517 2025] [core:error] [pid 3832403:tid 3832479] [client 52.175.48.129:7118] AH00124: Request exceeded the limit of 10 internal redirects due to probable configuration error. Use 'LimitInternalRecursion' to increase the limit if necessary. Use 'LogLevel debug' to get a backtrace., referer: https://duckduckgo.com/
[Mon Dec 08 12:41:19.602549 2025] [core:error] [pid 3832403:tid 3832479] [client 52.175.48.129:7118] AH00124: Request exceeded the limit of 10 internal redirects due to probable configuration error. Use 'LimitInternalRecursion' to increase the limit if necessary. Use 'LogLevel debug' to get a backtrace., referer: https://duckduckgo.com/
[Mon Dec 08 12:41:20.827927 2025] [proxy_fcgi:error] [pid 3832516:tid 3832552] [client 52.175.48.129:7108] AH01071: Got error 'Primary script unknown', referer: https://www.google.de/
[Mon Dec 08 12:41:22.509807 2025] [proxy_fcgi:error] [pid 3832516:tid 3832552] [client 52.175.48.129:7108] AH01071: Got error 'Primary script unknown', referer: https://duckduckgo.com/
[Mon Dec 08 12:41:23.167681 2025] [proxy_fcgi:error] [pid 3832516:tid 3832552] [client 52.175.48.129:7108] AH01071: Got error 'Primary script unknown', referer: https://www.google.de/
[Mon Dec 08 12:41:24.173212 2025] [proxy_fcgi:error] [pid 3832516:tid 3832552] [client 52.175.48.129:7108] AH01071: Got error 'Primary script unknown', referer: https://www.bing.com/
[Mon Dec 08 12:41:24.431612 2025] [proxy_fcgi:error] [pid 3832516:tid 3832552] [client 52.175.48.129:7108] AH01071: Got error 'Primary script unknown', referer: https://www.bing.com/
[Mon Dec 08 12:41:24.499095 2025] [proxy_fcgi:error] [pid 3832516:tid 3832552] [client 52.175.48.129:7108] AH01071: Got error 'Primary script unknown', referer: https://www.google.com/
[Mon Dec 08 12:41:25.540432 2025] [proxy_fcgi:error] [pid 3832516:tid 3832552] [client 52.175.48.129:7108] AH01071: Got error 'Primary script unknown', referer: https://www.google.co.uk/
[Mon Dec 08 12:41:25.877627 2025] [proxy_fcgi:error] [pid 3832516:tid 3832552] [client 52.175.48.129:7108] AH01071: Got error 'Primary script unknown', referer: https://www.google.de/
[Mon Dec 08 12:41:28.372790 2025] [proxy_fcgi:error] [pid 3832516:tid 3832552] [client 52.175.48.129:7108] AH01071: Got error 'Primary script unknown', referer: https://www.bing.com/
[Mon Dec 08 12:41:29.192085 2025] [proxy_fcgi:error] [pid 3832516:tid 3832552] [client 52.175.48.129:7108] AH01071: Got error 'Primary script unknown', referer: https://www.google.de/
[Mon Dec 08 12:41:34.782393 2025] [proxy_fcgi:error] [pid 3832516:tid 3832552] [client 52.175.48.129:7108] AH01071: Got error 'Primary script unknown', referer: https://www.yahoo.com/
[Mon Dec 08 12:41:45.491482 2025] [proxy_fcgi:error] [pid 3832516:tid 3832552] [client 52.175.48.129:7108] AH01071: Got error 'Primary script unknown', referer: https://duckduckgo.com/
[Mon Dec 08 12:41:45.999582 2025] [proxy_fcgi:error] [pid 3832516:tid 3832552] [client 52.175.48.129:7108] AH01071: Got error 'Primary script unknown', referer: https://www.google.de/
[Mon Dec 08 12:41:46.645788 2025] [proxy_fcgi:error] [pid 3832516:tid 3832552] [client 52.175.48.129:7108] AH01071: Got error 'Primary script unknown', referer: https://www.google.co.uk/
[Mon Dec 08 12:42:26.984710 2025] [proxy_fcgi:error] [pid 3832569:tid 3832597] [client 20.89.192.194:3034] AH01071: Got error 'Primary script unknown', referer: https://www.google.de/
[Mon Dec 08 12:42:27.123887 2025] [proxy_fcgi:error] [pid 3832569:tid 3832597] [client 20.89.192.194:3034] AH01071: Got error 'Primary script unknown', referer: https://www.bing.com/
[Mon Dec 08 12:42:27.192585 2025] [proxy_fcgi:error] [pid 3832516:tid 3832567] [client 20.89.192.194:3008] AH01071: Got error 'Primary script unknown', referer: https://www.google.co.uk/
[Mon Dec 08 12:42:27.329677 2025] [proxy_fcgi:error] [pid 3832569:tid 3832597] [client 20.89.192.194:3034] AH01071: Got error 'Primary script unknown', referer: https://www.google.com/
[Mon Dec 08 12:42:27.468657 2025] [proxy_fcgi:error] [pid 3832569:tid 3832597] [client 20.89.192.194:3034] AH01071: Got error 'Primary script unknown', referer: https://www.google.fr/
[Mon Dec 08 12:42:27.605510 2025] [proxy_fcgi:error] [pid 3832569:tid 3832597] [client 20.89.192.194:3034] AH01071: Got error 'Primary script unknown', referer: https://www.bing.com/
[Mon Dec 08 12:42:27.748145 2025] [proxy_fcgi:error] [pid 3832569:tid 3832597] [client 20.89.192.194:3034] AH01071: Got error 'Primary script unknown', referer: https://www.yahoo.com/
[Mon Dec 08 12:42:27.890413 2025] [proxy_fcgi:error] [pid 3832569:tid 3832597] [client 20.89.192.194:3034] AH01071: Got error 'Primary script unknown', referer: https://www.bing.com/
[Mon Dec 08 12:42:28.027392 2025] [proxy_fcgi:error] [pid 3832569:tid 3832597] [client 20.89.192.194:3034] AH01071: Got error 'Primary script unknown', referer: https://www.yahoo.com/
[Mon Dec 08 12:42:28.164345 2025] [proxy_fcgi:error] [pid 3832569:tid 3832597] [client 20.89.192.194:3034] AH01071: Got error 'Primary script unknown', referer: https://www.google.de/
[Mon Dec 08 12:42:28.301579 2025] [proxy_fcgi:error] [pid 3832569:tid 3832597] [client 20.89.192.194:3034] AH01071: Got error 'Primary script unknown', referer: https://duckduckgo.com/
[Mon Dec 08 12:42:28.438387 2025] [proxy_fcgi:error] [pid 3832569:tid 3832597] [client 20.89.192.194:3034] AH01071: Got error 'Primary script unknown', referer: https://www.google.com/
[Mon Dec 08 12:42:28.868802 2025] [proxy_fcgi:error] [pid 3832569:tid 3832597] [client 20.89.192.194:3034] AH01071: Got error 'Primary script unknown', referer: https://www.google.fr/
[Mon Dec 08 12:42:29.022182 2025] [proxy_fcgi:error] [pid 3832569:tid 3832597] [client 20.89.192.194:3034] AH01071: Got error 'Primary script unknown', referer: https://www.google.fr/
[Mon Dec 08 12:42:29.159041 2025] [proxy_fcgi:error] [pid 3832569:tid 3832597] [client 20.89.192.194:3034] AH01071: Got error 'Primary script unknown', referer: https://www.yahoo.com/
[Mon Dec 08 12:42:29.296348 2025] [proxy_fcgi:error] [pid 3832569:tid 3832597] [client 20.89.192.194:3034] AH01071: Got error 'Primary script unknown', referer: https://www.google.co.uk/
[Mon Dec 08 12:42:29.433149 2025] [proxy_fcgi:error] [pid 3832569:tid 3832597] [client 20.89.192.194:3034] AH01071: Got error 'Primary script unknown', referer: https://www.bing.com/
[Mon Dec 08 12:42:29.570462 2025] [proxy_fcgi:error] [pid 3832569:tid 3832597] [client 20.89.192.194:3034] AH01071: Got error 'Primary script unknown', referer: https://www.google.fr/
[Mon Dec 08 12:42:29.707533 2025] [proxy_fcgi:error] [pid 3832569:tid 3832597] [client 20.89.192.194:3034] AH01071: Got error 'Primary script unknown', referer: https://www.yahoo.com/
[Mon Dec 08 12:42:29.844822 2025] [proxy_fcgi:error] [pid 3832569:tid 3832597] [client 20.89.192.194:3034] AH01071: Got error 'Primary script unknown', referer: https://www.bing.com/
[Mon Dec 08 12:42:29.982298 2025] [proxy_fcgi:error] [pid 3832569:tid 3832597] [client 20.89.192.194:3034] AH01071: Got error 'Primary script unknown', referer: https://www.google.com/
[Mon Dec 08 12:42:30.327671 2025] [proxy_fcgi:error] [pid 3832569:tid 3832597] [client 20.89.192.194:3034] AH01071: Got error 'Primary script unknown', referer: https://www.bing.com/
[Mon Dec 08 12:42:30.478757 2025] [proxy_fcgi:error] [pid 3832569:tid 3832597] [client 20.89.192.194:3034] AH01071: Got error 'Primary script unknown', referer: https://www.google.de/
[Mon Dec 08 12:42:30.615985 2025] [proxy_fcgi:error] [pid 3832569:tid 3832597] [client 20.89.192.194:3034] AH01071: Got error 'Primary script unknown', referer: https://www.google.com/
[Mon Dec 08 12:42:30.756831 2025] [proxy_fcgi:error] [pid 3832569:tid 3832597] [client 20.89.192.194:3034] AH01071: Got error 'Primary script unknown', referer: https://www.google.de/
[Mon Dec 08 12:42:30.898113 2025] [proxy_fcgi:error] [pid 3832569:tid 3832597] [client 20.89.192.194:3034] AH01071: Got error 'Primary script unknown', referer: https://duckduckgo.com/
[Mon Dec 08 12:42:31.036374 2025] [autoindex:error] [pid 3832569:tid 3832597] [client 20.89.192.194:3034] AH01276: Cannot serve directory /home/anjappar/public_html/assets/: No matching DirectoryIndex (index.php,index.php8,index.php7,index.php5,index.perl,index.pl,index.plx,index.ppl,index.cgi,index.jsp,index.jp,index.phtml,index.shtml,index.xhtml,index.html,index.htm,index.js) found, and server-generated directory index forbidden by Options directive, referer: https://www.google.de/
[Mon Dec 08 12:42:31.380500 2025] [proxy_fcgi:error] [pid 3832569:tid 3832597] [client 20.89.192.194:3034] AH01071: Got error 'Primary script unknown', referer: https://www.google.co.uk/
[Mon Dec 08 12:42:31.523794 2025] [proxy_fcgi:error] [pid 3832569:tid 3832597] [client 20.89.192.194:3034] AH01071: Got error 'Primary script unknown', referer: https://www.google.de/
[Mon Dec 08 12:42:31.665874 2025] [cgid:error] [pid 3832569:tid 3832597] [client 20.89.192.194:3034] AH01265: stderr from /home/anjappar/public_html/cgi-bin/: attempt to invoke directory as script, referer: https://www.bing.com/
[Mon Dec 08 12:42:31.802876 2025] [proxy_fcgi:error] [pid 3832569:tid 3832597] [client 20.89.192.194:3034] AH01071: Got error 'Primary script unknown', referer: https://www.bing.com/
[Mon Dec 08 12:42:31.939949 2025] [proxy_fcgi:error] [pid 3832569:tid 3832597] [client 20.89.192.194:3034] AH01071: Got error 'Primary script unknown', referer: https://www.google.fr/
[Mon Dec 08 12:42:32.077084 2025] [proxy_fcgi:error] [pid 3832569:tid 3832597] [client 20.89.192.194:3034] AH01071: Got error 'Primary script unknown', referer: https://duckduckgo.com/
[Mon Dec 08 12:42:32.214561 2025] [autoindex:error] [pid 3832569:tid 3832597] [client 20.89.192.194:3034] AH01276: Cannot serve directory /home/anjappar/public_html/images/: No matching DirectoryIndex (index.php,index.php8,index.php7,index.php5,index.perl,index.pl,index.plx,index.ppl,index.cgi,index.jsp,index.jp,index.phtml,index.shtml,index.xhtml,index.html,index.htm,index.js) found, and server-generated directory index forbidden by Options directive, referer: https://www.google.fr/
[Mon Dec 08 12:42:32.558459 2025] [proxy_fcgi:error] [pid 3832569:tid 3832597] [client 20.89.192.194:3034] AH01071: Got error 'Primary script unknown', referer: https://www.yahoo.com/
[Mon Dec 08 12:42:32.695507 2025] [proxy_fcgi:error] [pid 3832569:tid 3832597] [client 20.89.192.194:3034] AH01071: Got error 'Primary script unknown', referer: https://www.google.fr/
[Mon Dec 08 12:42:33.050986 2025] [proxy_fcgi:error] [pid 3832569:tid 3832597] [client 20.89.192.194:3034] AH01071: Got error 'Primary script unknown', referer: https://duckduckgo.com/
[Mon Dec 08 12:42:33.401070 2025] [proxy_fcgi:error] [pid 3832569:tid 3832597] [client 20.89.192.194:3034] AH01071: Got error 'Primary script unknown', referer: https://www.yahoo.com/
[Mon Dec 08 12:42:33.537945 2025] [proxy_fcgi:error] [pid 3832569:tid 3832597] [client 20.89.192.194:3034] AH01071: Got error 'Primary script unknown', referer: https://www.google.fr/
[Mon Dec 08 12:42:33.676530 2025] [proxy_fcgi:error] [pid 3832569:tid 3832597] [client 20.89.192.194:3034] AH01071: Got error 'Primary script unknown', referer: https://www.google.com/
[Mon Dec 08 12:42:34.266482 2025] [proxy_fcgi:error] [pid 3832569:tid 3832597] [client 20.89.192.194:3034] AH01071: Got error 'Primary script unknown', referer: https://www.google.com/
[Mon Dec 08 12:42:34.817128 2025] [proxy_fcgi:error] [pid 3832569:tid 3832597] [client 20.89.192.194:3034] AH01071: Got error 'Primary script unknown', referer: https://www.google.com/
[Mon Dec 08 12:42:36.220413 2025] [proxy_fcgi:error] [pid 3832569:tid 3832597] [client 20.89.192.194:3034] AH01071: Got error 'Primary script unknown', referer: https://www.google.co.uk/
[Mon Dec 08 12:42:37.847035 2025] [proxy_fcgi:error] [pid 3832569:tid 3832597] [client 20.89.192.194:3034] AH01071: Got error 'Primary script unknown', referer: https://www.google.co.uk/
[Mon Dec 08 12:42:43.260230 2025] [proxy_fcgi:error] [pid 3832403:tid 3832470] [client 20.89.192.194:3037] AH01071: Got error 'Primary script unknown', referer: https://www.yahoo.com/
[Mon Dec 08 12:42:48.276764 2025] [proxy_fcgi:error] [pid 3832403:tid 3832470] [client 20.89.192.194:3037] AH01071: Got error 'Primary script unknown', referer: https://www.bing.com/
[Mon Dec 08 12:42:48.413766 2025] [proxy_fcgi:error] [pid 3832403:tid 3832470] [client 20.89.192.194:3037] AH01071: Got error 'Primary script unknown', referer: https://www.google.de/
[Mon Dec 08 12:42:48.551378 2025] [proxy_fcgi:error] [pid 3832403:tid 3832470] [client 20.89.192.194:3037] AH01071: Got error 'Primary script unknown', referer: https://www.yahoo.com/
[Mon Dec 08 12:44:39.417674 2025] [authz_core:error] [pid 3832402:tid 3832480] [client 135.149.56.99:62524] AH01630: client denied by server configuration: /home/prominen/public_html/wp-content/uploads/wpcf7_uploads/, referer: binance.com
[Mon Dec 08 12:45:02.605954 2025] [authz_core:error] [pid 3832516:tid 3832554] [client 135.149.56.99:53703] AH01630: client denied by server configuration: /home/prominen/public_html/wp-admin/includes/error_log, referer: binance.com
[Mon Dec 08 12:45:07.167267 2025] [authz_core:error] [pid 3832402:tid 3832488] [client 135.149.56.99:55385] AH01630: client denied by server configuration: /home/prominen/public_html/wp-admin/includes/error_log, referer: binance.com
[Mon Dec 08 12:46:17.010166 2025] [authz_core:error] [pid 3832403:tid 3832504] [client 135.149.56.99:64722] AH01630: client denied by server configuration: /home/prominen/public_html/wp-includes/error_log, referer: binance.com
[Mon Dec 08 12:46:24.099549 2025] [authz_core:error] [pid 3832403:tid 3832482] [client 135.149.56.99:50568] AH01630: client denied by server configuration: /home/prominen/public_html/wp-includes/error_log, referer: binance.com
[Mon Dec 08 12:46:31.352903 2025] [proxy_fcgi:error] [pid 3832516:tid 3832523] [remote 134.209.42.109:17067] AH01071: Got error 'Primary script unknown'
[Mon Dec 08 12:47:36.823198 2025] [http2:info] [pid 3834728:tid 3834728] h2_workers: created with min=25 max=37 idle_ms=600000
[Mon Dec 08 12:48:10.033858 2025] [proxy_fcgi:error] [pid 3832569:tid 3832610] [client 52.169.206.229:15823] AH01071: Got error 'Primary script unknown'
[Mon Dec 08 12:48:10.368015 2025] [proxy_fcgi:error] [pid 3832569:tid 3832610] [client 52.169.206.229:15823] AH01071: Got error 'Primary script unknown'
[Mon Dec 08 12:48:10.700272 2025] [proxy_fcgi:error] [pid 3832569:tid 3832610] [client 52.169.206.229:15823] AH01071: Got error 'Primary script unknown'
[Mon Dec 08 12:48:11.032837 2025] [proxy_fcgi:error] [pid 3832569:tid 3832610] [client 52.169.206.229:15823] AH01071: Got error 'Primary script unknown'
[Mon Dec 08 12:48:11.374584 2025] [proxy_fcgi:error] [pid 3832569:tid 3832610] [client 52.169.206.229:15823] AH01071: Got error 'Primary script unknown'
[Mon Dec 08 12:48:11.706963 2025] [proxy_fcgi:error] [pid 3832569:tid 3832610] [client 52.169.206.229:15823] AH01071: Got error 'Primary script unknown'
[Mon Dec 08 12:48:12.046757 2025] [proxy_fcgi:error] [pid 3832569:tid 3832610] [client 52.169.206.229:15823] AH01071: Got error 'Primary script unknown'
[Mon Dec 08 12:48:12.414879 2025] [proxy_fcgi:error] [pid 3832569:tid 3832610] [client 52.169.206.229:15823] AH01071: Got error 'Primary script unknown'
[Mon Dec 08 12:48:12.759547 2025] [proxy_fcgi:error] [pid 3832569:tid 3832610] [client 52.169.206.229:15823] AH01071: Got error 'Primary script unknown'
[Mon Dec 08 12:48:13.091908 2025] [proxy_fcgi:error] [pid 3832569:tid 3832610] [client 52.169.206.229:15823] AH01071: Got error 'Primary script unknown'
[Mon Dec 08 12:48:13.423620 2025] [proxy_fcgi:error] [pid 3832569:tid 3832610] [client 52.169.206.229:15823] AH01071: Got error 'Primary script unknown'
[Mon Dec 08 12:48:13.768437 2025] [proxy_fcgi:error] [pid 3832569:tid 3832610] [client 52.169.206.229:15823] AH01071: Got error 'Primary script unknown'
[Mon Dec 08 12:48:14.100445 2025] [proxy_fcgi:error] [pid 3832569:tid 3832610] [client 52.169.206.229:15823] AH01071: Got error 'Primary script unknown'
[Mon Dec 08 12:48:14.432900 2025] [proxy_fcgi:error] [pid 3832569:tid 3832610] [client 52.169.206.229:15823] AH01071: Got error 'Primary script unknown'
[Mon Dec 08 12:48:15.106442 2025] [proxy_fcgi:error] [pid 3832569:tid 3832610] [client 52.169.206.229:15823] AH01071: Got error 'Primary script unknown'
[Mon Dec 08 12:48:15.437991 2025] [proxy_fcgi:error] [pid 3832569:tid 3832610] [client 52.169.206.229:15823] AH01071: Got error 'Primary script unknown'
[Mon Dec 08 12:48:15.770386 2025] [proxy_fcgi:error] [pid 3832569:tid 3832610] [client 52.169.206.229:15823] AH01071: Got error 'Primary script unknown'
[Mon Dec 08 12:48:16.101939 2025] [proxy_fcgi:error] [pid 3832569:tid 3832610] [client 52.169.206.229:15823] AH01071: Got error 'Primary script unknown'
[Mon Dec 08 12:48:16.440686 2025] [proxy_fcgi:error] [pid 3832569:tid 3832610] [client 52.169.206.229:15823] AH01071: Got error 'Primary script unknown'
[Mon Dec 08 12:48:16.772786 2025] [proxy_fcgi:error] [pid 3832569:tid 3832610] [client 52.169.206.229:15823] AH01071: Got error 'Primary script unknown'
[Mon Dec 08 12:48:17.106589 2025] [proxy_fcgi:error] [pid 3832569:tid 3832610] [client 52.169.206.229:15823] AH01071: Got error 'Primary script unknown'
[Mon Dec 08 12:48:17.438447 2025] [proxy_fcgi:error] [pid 3832569:tid 3832610] [client 52.169.206.229:15823] AH01071: Got error 'Primary script unknown'
[Mon Dec 08 12:48:17.770858 2025] [proxy_fcgi:error] [pid 3832569:tid 3832610] [client 52.169.206.229:15823] AH01071: Got error 'Primary script unknown'
[Mon Dec 08 12:48:18.102372 2025] [proxy_fcgi:error] [pid 3832569:tid 3832610] [client 52.169.206.229:15823] AH01071: Got error 'Primary script unknown'
[Mon Dec 08 12:48:18.437190 2025] [proxy_fcgi:error] [pid 3832569:tid 3832610] [client 52.169.206.229:15823] AH01071: Got error 'Primary script unknown'
[Mon Dec 08 12:48:18.768648 2025] [proxy_fcgi:error] [pid 3832569:tid 3832610] [client 52.169.206.229:15823] AH01071: Got error 'Primary script unknown'
[Mon Dec 08 12:48:19.100148 2025] [proxy_fcgi:error] [pid 3832569:tid 3832610] [client 52.169.206.229:15823] AH01071: Got error 'Primary script unknown'
[Mon Dec 08 12:48:19.431231 2025] [proxy_fcgi:error] [pid 3832569:tid 3832610] [client 52.169.206.229:15823] AH01071: Got error 'Primary script unknown'
[Mon Dec 08 12:48:19.762984 2025] [proxy_fcgi:error] [pid 3832569:tid 3832610] [client 52.169.206.229:15823] AH01071: Got error 'Primary script unknown'
[Mon Dec 08 12:48:20.096305 2025] [proxy_fcgi:error] [pid 3832569:tid 3832610] [client 52.169.206.229:15823] AH01071: Got error 'Primary script unknown'
[Mon Dec 08 12:48:20.427909 2025] [proxy_fcgi:error] [pid 3832569:tid 3832610] [client 52.169.206.229:15823] AH01071: Got error 'Primary script unknown'
[Mon Dec 08 12:48:20.760303 2025] [proxy_fcgi:error] [pid 3832569:tid 3832610] [client 52.169.206.229:15823] AH01071: Got error 'Primary script unknown'
[Mon Dec 08 12:48:21.112687 2025] [proxy_fcgi:error] [pid 3832569:tid 3832610] [client 52.169.206.229:15823] AH01071: Got error 'Primary script unknown'
[Mon Dec 08 12:48:21.447049 2025] [proxy_fcgi:error] [pid 3832569:tid 3832610] [client 52.169.206.229:15823] AH01071: Got error 'Primary script unknown'
[Mon Dec 08 12:48:22.446218 2025] [proxy_fcgi:error] [pid 3832569:tid 3832610] [client 52.169.206.229:15823] AH01071: Got error 'Primary script unknown'
[Mon Dec 08 12:48:22.778673 2025] [proxy_fcgi:error] [pid 3832569:tid 3832610] [client 52.169.206.229:15823] AH01071: Got error 'Primary script unknown'
[Mon Dec 08 12:48:23.110187 2025] [proxy_fcgi:error] [pid 3832569:tid 3832610] [client 52.169.206.229:15823] AH01071: Got error 'Primary script unknown'
[Mon Dec 08 12:48:23.456444 2025] [proxy_fcgi:error] [pid 3832569:tid 3832610] [client 52.169.206.229:15823] AH01071: Got error 'Primary script unknown'
[Mon Dec 08 12:48:23.795470 2025] [proxy_fcgi:error] [pid 3832569:tid 3832610] [client 52.169.206.229:15823] AH01071: Got error 'Primary script unknown'
[Mon Dec 08 12:48:24.462016 2025] [proxy_fcgi:error] [pid 3832569:tid 3832610] [client 52.169.206.229:15823] AH01071: Got error 'Primary script unknown'
[Mon Dec 08 12:48:24.794992 2025] [proxy_fcgi:error] [pid 3832569:tid 3832610] [client 52.169.206.229:15823] AH01071: Got error 'Primary script unknown'
[Mon Dec 08 12:48:25.136796 2025] [proxy_fcgi:error] [pid 3832569:tid 3832610] [client 52.169.206.229:15823] AH01071: Got error 'Primary script unknown'
[Mon Dec 08 12:48:25.468300 2025] [proxy_fcgi:error] [pid 3832569:tid 3832610] [client 52.169.206.229:15823] AH01071: Got error 'Primary script unknown'
[Mon Dec 08 12:48:25.800785 2025] [proxy_fcgi:error] [pid 3832569:tid 3832610] [client 52.169.206.229:15823] AH01071: Got error 'Primary script unknown'
[Mon Dec 08 12:48:26.133698 2025] [proxy_fcgi:error] [pid 3832569:tid 3832610] [client 52.169.206.229:15823] AH01071: Got error 'Primary script unknown'
[Mon Dec 08 12:48:26.467764 2025] [proxy_fcgi:error] [pid 3832569:tid 3832610] [client 52.169.206.229:15823] AH01071: Got error 'Primary script unknown'
[Mon Dec 08 12:48:27.097191 2025] [proxy_fcgi:error] [pid 3832402:tid 3832488] [client 4.189.112.79:64999] AH01071: Got error 'Primary script unknown', referer: https://www.google.de/
[Mon Dec 08 12:48:27.143799 2025] [proxy_fcgi:error] [pid 3832569:tid 3832610] [client 52.169.206.229:15823] AH01071: Got error 'Primary script unknown'
[Mon Dec 08 12:48:27.812698 2025] [proxy_fcgi:error] [pid 3832569:tid 3832610] [client 52.169.206.229:15823] AH01071: Got error 'Primary script unknown'
[Mon Dec 08 12:48:28.131865 2025] [proxy_fcgi:error] [pid 3832402:tid 3832488] [client 4.189.112.79:64999] AH01071: Got error 'Primary script unknown', referer: https://www.google.de/
[Mon Dec 08 12:48:28.148316 2025] [proxy_fcgi:error] [pid 3832569:tid 3832610] [client 52.169.206.229:15823] AH01071: Got error 'Primary script unknown'
[Mon Dec 08 12:48:28.240613 2025] [proxy_fcgi:error] [pid 3832516:tid 3832553] [client 4.189.112.79:64900] AH01071: Got error 'Primary script unknown', referer: https://www.google.co.uk/
[Mon Dec 08 12:48:28.390493 2025] [proxy_fcgi:error] [pid 3832402:tid 3832488] [client 4.189.112.79:64999] AH01071: Got error 'Primary script unknown', referer: https://duckduckgo.com/
[Mon Dec 08 12:48:28.483179 2025] [proxy_fcgi:error] [pid 3832569:tid 3832610] [client 52.169.206.229:15823] AH01071: Got error 'Primary script unknown'
[Mon Dec 08 12:48:28.566547 2025] [proxy_fcgi:error] [pid 3832402:tid 3832488] [client 4.189.112.79:64999] AH01071: Got error 'Primary script unknown', referer: https://www.google.fr/
[Mon Dec 08 12:48:28.726397 2025] [proxy_fcgi:error] [pid 3832402:tid 3832488] [client 4.189.112.79:64999] AH01071: Got error 'Primary script unknown', referer: https://www.bing.com/
[Mon Dec 08 12:48:28.817005 2025] [proxy_fcgi:error] [pid 3832569:tid 3832610] [client 52.169.206.229:15823] AH01071: Got error 'Primary script unknown'
[Mon Dec 08 12:48:28.914162 2025] [proxy_fcgi:error] [pid 3832402:tid 3832488] [client 4.189.112.79:64999] AH01071: Got error 'Primary script unknown', referer: https://www.bing.com/
[Mon Dec 08 12:48:29.150974 2025] [proxy_fcgi:error] [pid 3832569:tid 3832610] [client 52.169.206.229:15823] AH01071: Got error 'Primary script unknown'
[Mon Dec 08 12:48:29.667070 2025] [proxy_fcgi:error] [pid 3832402:tid 3832488] [client 4.189.112.79:64999] AH01071: Got error 'Primary script unknown', referer: https://www.google.fr/
[Mon Dec 08 12:48:30.828797 2025] [proxy_fcgi:error] [pid 3832569:tid 3832610] [client 52.169.206.229:15823] AH01071: Got error 'Primary script unknown'
[Mon Dec 08 12:48:31.092456 2025] [proxy_fcgi:error] [pid 3832402:tid 3832488] [client 4.189.112.79:64999] AH01071: Got error 'Primary script unknown', referer: https://www.bing.com/
[Mon Dec 08 12:48:31.160137 2025] [proxy_fcgi:error] [pid 3832569:tid 3832610] [client 52.169.206.229:15823] AH01071: Got error 'Primary script unknown'
[Mon Dec 08 12:48:31.289197 2025] [proxy_fcgi:error] [pid 3832402:tid 3832488] [client 4.189.112.79:64999] AH01071: Got error 'Primary script unknown', referer: https://www.google.com/
[Mon Dec 08 12:48:31.835470 2025] [proxy_fcgi:error] [pid 3832569:tid 3832610] [client 52.169.206.229:15823] AH01071: Got error 'Primary script unknown'
[Mon Dec 08 12:48:32.550979 2025] [proxy_fcgi:error] [pid 3832402:tid 3832488] [client 4.189.112.79:64999] AH01071: Got error 'Primary script unknown', referer: https://www.google.de/
[Mon Dec 08 12:48:32.854702 2025] [proxy_fcgi:error] [pid 3832569:tid 3832610] [client 52.169.206.229:15823] AH01071: Got error 'Primary script unknown'
[Mon Dec 08 12:48:33.149622 2025] [proxy_fcgi:error] [pid 3832402:tid 3832488] [client 4.189.112.79:64999] AH01071: Got error 'Primary script unknown', referer: https://www.google.fr/
[Mon Dec 08 12:48:33.529913 2025] [proxy_fcgi:error] [pid 3832569:tid 3832610] [client 52.169.206.229:15823] AH01071: Got error 'Primary script unknown'
[Mon Dec 08 12:48:33.861321 2025] [proxy_fcgi:error] [pid 3832569:tid 3832610] [client 52.169.206.229:15823] AH01071: Got error 'Primary script unknown'
[Mon Dec 08 12:48:34.192910 2025] [proxy_fcgi:error] [pid 3832569:tid 3832610] [client 52.169.206.229:15823] AH01071: Got error 'Primary script unknown'
[Mon Dec 08 12:48:34.537485 2025] [proxy_fcgi:error] [pid 3832569:tid 3832610] [client 52.169.206.229:15823] AH01071: Got error 'Primary script unknown'
[Mon Dec 08 12:48:34.667132 2025] [proxy_fcgi:error] [pid 3832402:tid 3832488] [client 4.189.112.79:64999] AH01071: Got error 'Primary script unknown', referer: https://duckduckgo.com/
[Mon Dec 08 12:48:34.913735 2025] [proxy_fcgi:error] [pid 3832402:tid 3832488] [client 4.189.112.79:64999] AH01071: Got error 'Primary script unknown', referer: https://www.yahoo.com/
[Mon Dec 08 12:48:35.533081 2025] [proxy_fcgi:error] [pid 3832402:tid 3832488] [client 4.189.112.79:64999] AH01071: Got error 'Primary script unknown', referer: https://duckduckgo.com/
[Mon Dec 08 12:48:35.533115 2025] [proxy_fcgi:error] [pid 3832569:tid 3832610] [client 52.169.206.229:15823] AH01071: Got error 'Primary script unknown'
[Mon Dec 08 12:48:35.911463 2025] [proxy_fcgi:error] [pid 3832402:tid 3832488] [client 4.189.112.79:64999] AH01071: Got error 'Primary script unknown', referer: https://www.google.fr/
[Mon Dec 08 12:48:36.069887 2025] [proxy_fcgi:error] [pid 3832402:tid 3832488] [client 4.189.112.79:64999] AH01071: Got error 'Primary script unknown', referer: https://www.yahoo.com/
[Mon Dec 08 12:48:36.196668 2025] [proxy_fcgi:error] [pid 3832569:tid 3832610] [client 52.169.206.229:15823] AH01071: Got error 'Primary script unknown'
[Mon Dec 08 12:48:36.357045 2025] [proxy_fcgi:error] [pid 3832402:tid 3832488] [client 4.189.112.79:64999] AH01071: Got error 'Primary script unknown', referer: https://www.bing.com/
[Mon Dec 08 12:48:36.503849 2025] [proxy_fcgi:error] [pid 3832402:tid 3832488] [client 4.189.112.79:64999] AH01071: Got error 'Primary script unknown', referer: https://duckduckgo.com/
[Mon Dec 08 12:48:36.803566 2025] [proxy_fcgi:error] [pid 3832402:tid 3832488] [client 4.189.112.79:64999] AH01071: Got error 'Primary script unknown', referer: https://www.google.de/
[Mon Dec 08 12:48:37.535197 2025] [proxy_fcgi:error] [pid 3832402:tid 3832488] [client 4.189.112.79:64999] AH01071: Got error 'Primary script unknown', referer: https://www.google.fr/
[Mon Dec 08 12:48:38.170159 2025] [proxy_fcgi:error] [pid 3832402:tid 3832488] [client 4.189.112.79:64999] AH01071: Got error 'Primary script unknown', referer: https://www.google.co.uk/
[Mon Dec 08 12:48:38.224221 2025] [core:error] [pid 3832569:tid 3832610] [client 52.169.206.229:15823] AH00124: Request exceeded the limit of 10 internal redirects due to probable configuration error. Use 'LimitInternalRecursion' to increase the limit if necessary. Use 'LogLevel debug' to get a backtrace.
[Mon Dec 08 12:48:38.224250 2025] [core:error] [pid 3832569:tid 3832610] [client 52.169.206.229:15823] AH00124: Request exceeded the limit of 10 internal redirects due to probable configuration error. Use 'LimitInternalRecursion' to increase the limit if necessary. Use 'LogLevel debug' to get a backtrace.
[Mon Dec 08 12:48:38.798960 2025] [proxy_fcgi:error] [pid 3832402:tid 3832488] [client 4.189.112.79:64999] AH01071: Got error 'Primary script unknown', referer: https://www.yahoo.com/
[Mon Dec 08 12:48:38.954501 2025] [proxy_fcgi:error] [pid 3832402:tid 3832488] [client 4.189.112.79:64999] AH01071: Got error 'Primary script unknown', referer: https://www.bing.com/
[Mon Dec 08 12:48:39.099470 2025] [proxy_fcgi:error] [pid 3832402:tid 3832488] [client 4.189.112.79:64999] AH01071: Got error 'Primary script unknown', referer: https://www.google.fr/
[Mon Dec 08 12:48:39.559963 2025] [proxy_fcgi:error] [pid 3832516:tid 3832563] [client 52.169.206.229:6868] AH01071: Got error 'Primary script unknown'
[Mon Dec 08 12:48:39.618214 2025] [proxy_fcgi:error] [pid 3832402:tid 3832488] [client 4.189.112.79:64999] AH01071: Got error 'Primary script unknown', referer: https://www.bing.com/
[Mon Dec 08 12:48:40.621879 2025] [proxy_fcgi:error] [pid 3832516:tid 3832563] [client 52.169.206.229:6868] AH01071: Got error 'Primary script unknown'
[Mon Dec 08 12:48:41.229256 2025] [proxy_fcgi:error] [pid 3832402:tid 3832488] [client 4.189.112.79:64999] AH01071: Got error 'Primary script unknown', referer: https://www.google.de/
[Mon Dec 08 12:48:41.338135 2025] [proxy_fcgi:error] [pid 3832516:tid 3832563] [client 52.169.206.229:6868] AH01071: Got error 'Primary script unknown'
[Mon Dec 08 12:48:41.719770 2025] [proxy_fcgi:error] [pid 3832402:tid 3832488] [client 4.189.112.79:64999] AH01071: Got error 'Primary script unknown', referer: https://www.google.com/
[Mon Dec 08 12:48:41.864916 2025] [cgid:error] [pid 3832402:tid 3832488] [client 4.189.112.79:64999] AH01265: stderr from /home/crystalf/public_html/cgi-bin/: attempt to invoke directory as script, referer: https://www.bing.com/
[Mon Dec 08 12:48:42.064976 2025] [proxy_fcgi:error] [pid 3832402:tid 3832488] [client 4.189.112.79:64999] AH01071: Got error 'Primary script unknown', referer: https://www.google.co.uk/
[Mon Dec 08 12:48:42.439073 2025] [proxy_fcgi:error] [pid 3832402:tid 3832488] [client 4.189.112.79:64999] AH01071: Got error 'Primary script unknown', referer: https://www.google.de/
[Mon Dec 08 12:48:43.755748 2025] [proxy_fcgi:error] [pid 3832516:tid 3832563] [client 52.169.206.229:6868] AH01071: Got error 'Primary script unknown'
[Mon Dec 08 12:48:43.799190 2025] [proxy_fcgi:error] [pid 3832402:tid 3832488] [client 4.189.112.79:64999] AH01071: Got error 'Primary script unknown', referer: https://www.google.co.uk/
[Mon Dec 08 12:48:43.956245 2025] [proxy_fcgi:error] [pid 3832402:tid 3832488] [client 4.189.112.79:64999] AH01071: Got error 'Primary script unknown', referer: https://www.bing.com/
[Mon Dec 08 12:48:44.245978 2025] [proxy_fcgi:error] [pid 3832402:tid 3832488] [client 4.189.112.79:64999] AH01071: Got error 'Primary script unknown', referer: https://www.google.de/
[Mon Dec 08 12:48:45.117268 2025] [proxy_fcgi:error] [pid 3832402:tid 3832488] [client 4.189.112.79:64999] AH01071: Got error 'Primary script unknown', referer: https://www.bing.com/
[Mon Dec 08 12:48:45.268870 2025] [proxy_fcgi:error] [pid 3832402:tid 3832488] [client 4.189.112.79:64999] AH01071: Got error 'Primary script unknown', referer: https://www.google.co.uk/
[Mon Dec 08 12:48:45.336466 2025] [proxy_fcgi:error] [pid 3832516:tid 3832563] [client 52.169.206.229:6868] AH01071: Got error 'Primary script unknown'
[Mon Dec 08 12:48:45.672972 2025] [proxy_fcgi:error] [pid 3832516:tid 3832563] [client 52.169.206.229:6868] AH01071: Got error 'Primary script unknown'
[Mon Dec 08 12:48:46.032611 2025] [proxy_fcgi:error] [pid 3832516:tid 3832563] [client 52.169.206.229:6868] AH01071: Got error 'Primary script unknown'
[Mon Dec 08 12:48:46.302863 2025] [proxy_fcgi:error] [pid 3832402:tid 3832488] [client 4.189.112.79:64999] AH01071: Got error 'Primary script unknown', referer: https://duckduckgo.com/
[Mon Dec 08 12:48:46.949659 2025] [proxy_fcgi:error] [pid 3832402:tid 3832488] [client 4.189.112.79:64999] AH01071: Got error 'Primary script unknown', referer: https://www.google.fr/
[Mon Dec 08 12:48:47.041209 2025] [proxy_fcgi:error] [pid 3832516:tid 3832563] [client 52.169.206.229:6868] AH01071: Got error 'Primary script unknown'
[Mon Dec 08 12:48:47.379359 2025] [proxy_fcgi:error] [pid 3832516:tid 3832563] [client 52.169.206.229:6868] AH01071: Got error 'Primary script unknown'
[Mon Dec 08 12:48:47.799707 2025] [proxy_fcgi:error] [pid 3832516:tid 3832563] [client 52.169.206.229:6868] AH01071: Got error 'Primary script unknown'
